e prime factors of 18/z + 148/5.
29
Let o(g) = -2*g**2 - 3*g - g**2 + 5*g**2 - g**2 - 3. List the prime factors of o(-3).
3, 5
Let s = 6 + -6. Suppose -4*c - 2*a - a - 858 = 0, 2*c - 4*a + 440 = s. What are the prime factors of c/(-22) + (-2)/(-11)?
2, 5
Let m(h) = 38*h + 7. What are the prime factors of m(1)?
3, 5
List the prime factors of 9/84*4 + (-725)/(-7).
2, 13
Let b = 1 - -3. Suppose -b*a + 9*a - 43 = -4*x, 0 = -5*x + 3*a + 26. List the prime factors of x.
7
Let d(f) be the second derivative of 1/6*f**3 + 3*f + 1/12*f**4 + 0 + 0*f**2 - 9/20*f**5. What are the prime factors of d(-1)?
3
Let b be 3/(148/(-80) + 2). Let t = b + 21. List the prime factors of t.
41
Let q = -1 - -7. Suppose 2*n = 28 - q. What are the prime factors of n?
11
Let w = 4 - 3. Suppose 29 + w = 5*t. List the prime factors of t.
2, 3
Let y(l) = l - 15. Let d be y(7). Let n(j) = -7*j - 10. What are the prime factors of n(d)?
2, 23
Let z = -1 + 3. List the prime factors of (-160)/(-24) + z/6.
7
Suppose -2*o + 210 = r - 0*r, 0 = -3*o + 4*r + 326. What are the prime factors of o?
2, 53
Suppose d - 2*d = -26. Let b = 53 - d. Suppose -2*v - v + b = 0. List the prime factors of v.
3
Suppose -8 = 4*g - 0*g. List the prime factors of g/(-2) - (-5)/1.
2, 3
Let v be 4/(-10) - 6/10. Let u be v + -14 - (0 - -1). Let m = u - -37. List the prime factors of m.
3, 7
Let q be 10*(-5)/((-25)/2). Suppose -q*s + 5*u - u = -32, 28 = 3*s - 2*u. What are the prime factors of s?
2, 3
Suppose 0 = 5*a - 2 - 8. Let t be (-50)/(-6) + a/(-6). What are the prime factors of ((-18)/t)/((-6)/24)?
3
Let v(m) = -m**3 - 7*m**2 - 2*m - 10. Let p be v(-7). Suppose -4*x + 16 = p*g, 4*g - g = x - 8. Let z = 7 - g. What are the prime factors of z?
2
Let j = 2 - 2. Let h be 0 - (3 + -2 + j). List the prime factors of 0 + h + 12 + -1.
2, 5
Let b = -45 + 71. List the prime factors of b.
2, 13
Let g = 9 + -5. Suppose -l + g*l + n = 47, 2*n - 38 = -2*l. Let z = l - 0. List the prime factors of z.
2, 7
Suppose -5*s + 0*u + 616 = -3*u, 5*s = -2*u + 631. Suppose 0 = 5*z - 0*z - s. List the prime factors of z.
5
Let i = -9 - -13. What are the prime factors of i?
2
Suppose -5*u + 176 = 61. Suppose -3*n - u + 119 = 0. Let d = n + -23. List the prime factors of d.
3
Let z = -85 - -201. List the prime factors of z.
2, 29
Let c = -2 + 8. Let n(d) = d - 1. Let g(o) = o**3 - 5*o**2 - 2*o - 1. Let j(t) = -g(t) + 5*n(t). What are the prime factors of j(c)?
2
What are the prime factors of (-25)/(-10)*((-298)/5)/(-1)?
149
Let y(i) = i**3 + 5*i**2 - 5*i + 8. Let v be y(-6). Suppose 0*k - 2*k = 0. Suppose k = d - v. List the prime factors of d.
2
Suppose 0 = 4*z + s + 54 - 333, 0 = -z - 2*s + 68. List the prime factors of z.
2, 5, 7
Let z = 25 + -1. What are the prime factors of z?
2, 3
Let g(x) = 5*x**3 + 5*x**2 + 3*x + 8. Let l(b) = -11*b**3 - 11*b**2 - 7*b - 15. Let z(n) = 9*g(n) + 4*l(n). What are the prime factors of z(0)?
2, 3
Suppose -64 - 162 = -2*x. What are the prime factors of x?
113
Suppose 3*v - 7*v + 96 = 0. Let o = v - 0. Suppose 4 = 2*p + 2*g, p = -4*p + 2*g + o. List the prime factors of p.
2
Let s be (-28)/3*6/4. What are the prime factors of 4/s + 1130/35?
2
Let u be 101/3 - 1/(-3). Let t = 2 - -1. Suppose d - t*d = -u. What are the prime factors of d?
17
Suppose -3*s - 4*t + 259 = t, -3*t + 15 = 0. What are the prime factors of s?
2, 3, 13
Let j(p) = p**3 - 7*p**2 + 7*p. Let c be j(6). Let r(b) be the second derivative of b**3/2 - b**2/2 - 6*b. What are the prime factors of r(c)?
17
Let y(v) = 2*v**2 + 3*v + 1. Let f be y(-2). Let p(b) = 5*b**2 - 2*b + 4. List the prime factors of p(f).
43
Suppose 2*s + 6 = -0*s. Let h(m) = 3*m**2 - 10*m - 1. Let a(u) = -2*u**2 + 5*u. Let w(o) = 5*a(o) + 3*h(o). List the prime factors of w(s).
3
What are the prime factors of 12*(-3 + (-45)/(-12))?
3
Suppose 30*d - 31*d = -46. What are the prime factors of d?
2, 23
Let h(x) = -x + 19. Let b be h(13). Let n(y) = y**2 + 16*y - 8. Let d(f) = -f**2 - 15*f + 7. Let l(z) = b*n(z) + 7*d(z). What are the prime factors of l(-8)?
3
Let v(f) = 2*f**2 + 8*f - 6. What are the prime factors of v(-6)?
2, 3
Let c(k) = -4*k - 6 + 5*k - 7. Let q be c(11). List the prime factors of -3 + 10 + q/2.
2, 3
Suppose -5*l - 78 = 4*s, -18 - 41 = 3*s + 4*l. Suppose 34 + 78 = 4*a. Let h = a + s. What are the prime factors of h?
11
Let s = -4 + -2. Let y(j) = j**3 + 5*j**2 - 8*j - 9. Let c be y(s). Suppose 2*r + p - 11 = 0, 3*p + 26 = c*r - 4. List the prime factors of r.
7
Let f = 21 + -3. List the prime factors of f.
2, 3
Let q = -61 - -136. What are the prime factors of q?
3, 5
Let v(b) = b**3 - b**2 + b + 3. Let i be v(0). Suppose -k - i*m = -6, 5*k + m - 19 + 3 = 0. List the prime factors of k.
3
Suppose -74 = 7*w - 774. What are the prime factors of w?
2, 5
Suppose -57 = -4*w + 79. What are the prime factors of w?
2, 17
Let s(t) be the second derivative of -3/2*t**3 + 0 - 5/6*t**4 + 5*t**2 - 1/20*t**5 + t. List the prime factors of s(-9).
2, 5
Suppose 3*a + 2*u = -2*u + 22, 0 = -4*a + 2*u. Suppose 96 = 8*w - 3*w + a*t, 4*t = 5*w - 108. What are the prime factors of w?
2, 5
Suppose r + 5 = 0, 41 = 5*i - 3*r + 16. Suppose 2*k + i*k - 40 = 0. List the prime factors of (-32)/(-5) + 6/k.
7
Suppose 9 = -5*j + 194. List the prime factors of j.
37
Suppose 0 = 2*v - 6, -2*v + 5*v = -5*d + 139. List the prime factors of d.
2, 13
Let a = 6 - 3. Suppose 0*j + 9 = a*j. Suppose -2*d = -j*d + 9. What are the prime factors of d?
3
What are the prime factors of 2/2 + 2 + 9?
2, 3
Suppose -5*s - 2*a + 54 = -7, 3*s - 31 = -4*a. Let c = 7 + s. What are the prime factors of c?
2, 5
What are the prime factors of 68/119 - 332/(-7)?
2, 3
Let g(z) = z. Let h be 2 - (-2 - 1 - 2). List the prime factors of g(h).
7
Let r = 16 + -11. What are the prime factors of r?
5
Let h(m) = 4*m**2 - 16*m + 28. Let t(v) = 3*v**2 - 11*v + 19. Let b(w) = -5*h(w) + 7*t(w). Let s be b(-5). Suppose g = 9 - s. What are the prime factors of g?
2, 3
Let x be 3*-1*21/(-9). Let b be 24/9*156/16. Let q = b - x. List the prime factors of q.
19
Let z(l) = 8*l - 1. What are the prime factors of z(2)?
3, 5
Suppose 2*i = t - 16, 5*t - 32 = -0*i - 2*i. Let h(w) be the third derivative of -w**5/60 + w**4/3 + 5*w**3/6 - w**2. What are the prime factors of h(t)?
5
Let i = 13 + -21. Let o(n) = -n**2 - 10*n - 11. List the prime factors of o(i).
5
Suppose -k = -4*j - 50, 8*j - 4*j = -2*k + 52. What are the prime factors of k?
2, 17
Let r(b) = -b + 3. Let h be r(-4). Let i(a) = 4*a + 0*a - 4*a + 2*a - 5. What are the prime factors of i(h)?
3
Suppose 0 = -4*r + 4*n, r + 12 = -r - n. Let w = 12 + r. What are the prime factors of w?
2
Suppose 0*p = -2*r - p + 26, 5*p = 4*r - 24. Let j = 26 - r. List the prime factors of (4/5)/(3/j).
2
Let x(p) be the third derivative of -p**6/120 - p**5/10 - p**4/3 - p**3 - 2*p**2. Let o be (10/(-15))/((-4)/(-30)). What are the prime factors of x(o)?
3
Suppose 354 = 4*z + 130. What are the prime factors of z?
2, 7
Let y(g) be the third derivative of g**4/6 - 2*g**3 + 2*g**2. List the prime factors of y(5).
2
Suppose 0 = 4*b + 3*p - 7*p + 92, 2*b - 5*p + 40 = 0. Let q = b + 42. What are the prime factors of q?
17
Let v = 7 + -5. Suppose 3*z - 40 = -v*z. List the prime factors of z.
2
Suppose 0 = 2*t + 268 - 658. List the prime factors of t.
3, 5, 13
Suppose -5*w - u = u - 40, -w + 2*u + 8 = 0. What are the prime factors of (w/5 - 2)*-15?
2, 3
List the prime factors of (16/20)/(3/360).
2, 3
Suppose -2*h = -6*h. Let o = h - -19. What are the prime factors of o?
19
Suppose 6*g - 9*g = -33. What are the prime factors of g?
11
Let q be (-6)/8 + (-6)/(-8). Suppose x + 2*j + 1 = q, -3*x - 3*j + 2 + 1 = 0. What are the prime factors of x?
3
What are the prime factors of (-144)/(-21)*(-378)/(-12)?
2, 3
Let j = -56 - -188. What are the prime factors of j?
2, 3, 11
What are the prime factors of (-1)/5 - 126/(-5)?
5
Let s(i) = 2*i + 4. Let z(o) = -3*o - 6. Let x(p) = -7*s(p) - 5*z(p). What are the prime factors of x(0)?
2
Let m be (-3)/1*(-1)/1. Suppose 3 = 3*t, 0*z = -m*z - 4*t + 10. List the prime factors of 0*(-1)/z - -6.
2, 3
Suppose -7 + 1 = -2*w. Suppose -t = 2*t - 6. What are the prime factors of 12 + (w*t)/(-3)?
2, 5
Let b be 3*((-3)/(-9) + 0). Let o = 18 + b. What are the prime factors 